d(g) = -16*g. Let u be d(-1). Let b be (24/10)/(3/(-10)). Is 396/u - 2/b a multiple of 9?
False
Let j(s) = -s - 3. Let a(b) = -2*b + 1. Let w be a(3). Let k be j(w). Suppose 50 = n + k*l - 0*l, n = 5*l + 15. Is n a multiple of 20?
True
Is (-2 - -41) + 0 + -1 a multiple of 19?
True
Suppose -3 = -0*b - b. Suppose 4*n - 3*l = 13, 4*n - 5*l = -0*l + 11. Suppose b*d = -5*m + 54, -n*d - d + 15 = 0. Does 9 divide m?
True
Suppose -5*s = 2*y - 26, s + 0 = -5*y + 19. Let i(n) = 2*n**2 + 1. Is i(y) a multiple of 9?
False
Let f(p) = -p**2 - 8*p + 12. Let k be f(-9). Let x(r) = r**3 - r**2 + 4*r - 4. Does 11 divide x(k)?
False
Let k(p) = p - 3. Does 5 divide k(18)?
True
Let u = 20 - 15. Does 22 divide (-2)/(((-10)/66)/u)?
True
Let v = -29 - -62. Does 11 divide v?
True
Let t = -3 + 3. Let n(m) = 1 - m + t + 1. Is n(0) a multiple of 2?
True
Let o(s) = s + 10. Let j(l) = 2*l + 11. Let r be j(-11). Let q be o(r). Is 13 a factor of 39/2 + q/2?
False
Suppose 4 = -5*s - 21. Let t be (-1)/(9/24)*3. Let x = s - t. Is x a multiple of 2?
False
Let x = 21 + -12. Suppose -6*s + 63 = -2*s + 3*i, 3*i + x = 2*s. Suppose -2*q = -2*p + p - 6, -5*p = -q + s. Does 2 divide q?
True
Suppose 9 = 5*t + 34, -3*r = -t - 152. Is r a multiple of 25?
False
Suppose 5*l = -u - 46, u + u + 77 = -5*l. Let i = u + 43. Is i a multiple of 4?
True
Let c be (-3)/(3*1/(-10)). Suppose 0 = -8*w + 3*w - c. Is ((-16)/(-12))/(w/(-6)) a multiple of 3?
False
Let s = 13 - 2. Does 5 divide s?
False
Let l = -5 + 7. Let i be -2 - (56/l)/(-1). Let z = 41 - i. Does 15 divide z?
True
Is (-2073)/(-39) + 3 + 6/(-39) a multiple of 5?
False
Let q be 376/(-6) - (-1)/(-3). Let s be (-7)/(q/(-66))*-3. Is 14 a factor of s/(1 - 1 - -1)?
False
Let y(h) = 7*h - h**3 + 3 + 0 - 2*h**2 + 3. Let x be (-28)/6 - 2/(-3). Does 5 divide y(x)?
True
Let h = -22 - -91. Does 8 divide h?
False
Let i(o) = 2*o**2 - 6*o - 3. Does 2 divide i(4)?
False
Suppose 4*v + 1 = 9. Suppose v*n = -2*n + 84. Suppose 4*d = -q + n, -3 = -2*d - 1. Is 9 a factor of q?
False
Let n be ((-10)/(-15))/(1/6). Let w(x) = 2*x**2 - 4*x - 2. Is w(n) a multiple of 12?
False
Let w be (11 - 1)*(-9)/(-18). Let d be (-7594)/10 + (-3)/w. Is 18 a factor of d/(-35) + (-2)/(-7)?
False
Let z be 5/(-2)*6/(-15). Suppose -r = -z - 18. Does 12 divide r?
False
Suppose -3*z - 4*f = -60, 28 = 4*z + f - 39. Let k = -4 + z. Suppose 6 + k = h. Is h a multiple of 9?
True
Let w = 6 - -34. Is w a multiple of 20?
True
Let h = -187 + 322. Is h a multiple of 22?
False
Is 14 a factor of 2/8 - 1674/(-24)?
True
Let j(b) = -b**2 - b + 5. Let y be j(-4). Let x(s) = -s**2 - 6*s + 5. Let h be x(y). Is 11 a factor of ((-2)/h)/(1/37)?
False
Let i(j) = -j**3 + 11*j**2 - 10*j - 5. Let x be i(8). Suppose -7 + 4 = -c. Suppose -5*o = 4*h + 13 - x, -3*h - 78 = -c*o. Is o a multiple of 16?
False
Let y be 1 - (-57 - -1)/(-4). Let u = y + 26. Is u a multiple of 3?
False
Suppose -4*o - f = -37, -2*f - 19 = -o + f. Is 3 a factor of o?
False
Let x be 0/(2 - (-2 + 5)). Let v = 16 - x. Does 16 divide v?
True
Suppose -7 = -2*x + 5*k, -3*x - x + k = -23. Let h be 9 - 4/x*3. Suppose 0 = -0*g + g - h. Does 7 divide g?
True
Is (-66)/18*(-1 - 2)*1 a multiple of 11?
True
Suppose 0 = -2*l - 2*l + 192. Does 12 divide l?
True
Let n = -1 - -4. Suppose -4*o + 4*s + 184 = 0, -3*o - 2*s = -n*s - 130. Is o a multiple of 14?
True
Suppose -o = -2*l + 127, 0 = -o - 2*o + 3. Is 8 a factor of l?
True
Suppose -b + 0*b - 10 = 0. Let v = b - -70. Does 12 divide v?
True
Suppose l - 6 = -l. Suppose -73 + 16 = -l*b. Is b a multiple of 8?
False
Let z = -1 + 2. Suppose 0 = 7*u - 2*u + 3*v - 18, 0 = -2*u - 5*v + 11. Is 17 + u/(-3)*z a multiple of 16?
True
Let v(f) be the first derivative of f**3/3 + f**2/2 - 4*f - 2. Suppose -t = -6*t - 4*x - 28, 2*t - x + 6 = 0. Does 8 divide v(t)?
True
Suppose 20 = 5*d, w = -4*w + 4*d + 439. Is 20 a factor of w/2 + 3/(-2)?
False
Suppose 3*y + 6 + 9 = 0, 4*y = -b + 12. Does 8 divide b?
True
Let m = -16 - -20. Let i(s) = -s**2 - 6*s + 7. Let y be i(-7). Suppose j + j = m*t + 80, -3*j - 5*t + 120 = y. Does 17 divide j?
False
Suppose -3*o + 2*o = 51. Let t = 95 + o. Does 13 divide t?
False
Suppose 0 = -3*j - 0*j. Let c = 7 - j. Does 3 divide c?
False
Let y = 211 - 83. Is y a multiple of 32?
True
Suppose -4 = -4*u + 2*u. Suppose 2*h + 4 = -u*h. Is 19/((h + 2)/1) a multiple of 8?
False
Suppose 0*h - 3*h + 9 = 0. Suppose 0*t = -4*y - h*t + 57, t = 4*y - 61. Is y/10*9*2 a multiple of 19?
False
Let z(k) = k**2 - 6*k + 7. Let m be z(5). Let d(j) = 2*j + 4. Let l be d(-4). Does 12 divide (-118)/l + (-1)/m?
False
Suppose 6*h - 12 = 2*h. Suppose 5*d + h*g - 79 = 0, -3*d = -2*g - 1 - 35. Is 14 a factor of d?
True
Let l(t) = -t**2 + 21*t + 1. Let c(q) = -4*q. Let k(u) = -11*c(u) - 2*l(u). Is 6 a factor of k(-3)?
False
Suppose 5*n - 8*n = -162. Does 18 divide n?
True
Let c(n) = n**3 - 9*n**2 - 4*n. Let m be c(10). Suppose -m = 2*p + 4*u, 2*u - 48 = 2*p + 3*u. Let x = -11 - p. Does 11 divide x?
True
Let c(d) = 3*d - 6. Let q be c(8). Let w = q - 0. Is w a multiple of 9?
True
Let n(v) = -3*v**2 - 20 - 51*v + 15*v - 16. Let z(j) = j**2 + 12*j + 12. Let g(l) = 3*n(l) + 8*z(l). Does 4 divide g(-10)?
True
Suppose -2*w + 3*w = -4*f - 1, 3*f = 4*w + 4. Let i be 2/6 - (-82)/6. Suppose 0 = -3*p + 2*v + i, -2*p = -f*p + 2*v - 16. Is 3 a factor of p?
True
Let i(f) = f**3 + 12*f**2 + 9*f - 9. Let q be i(-11). Let h = 39 - q. Is h a multiple of 18?
False
Suppose -82 = -d - 5*z, -274 = -3*d + 2*z - 3*z. Is d a multiple of 11?
False
Let q be -3*(0 - 0 - 2). Suppose -q*y + 64 = -2*y. Does 8 divide y?
True
Suppose 2*j + 157 - 479 = -3*s, 4*s = -2*j + 324. Is 6 a factor of j?
False
Suppose 4 + 3 = 2*v - 3*x, 5*v - 13 = 3*x. Let z be (-33)/(-4 + 1) + (-3)/(-3). Suppose -v*l = -4, 0*k - 3*l + z = k. Is 4 a factor of k?
False
Let h(c) = c**2 - 5*c - 4. Let m(s) = s**2 - s - 1. Let v(d) = -h(d) + 6*m(d). Is v(-3) a multiple of 14?
False
Let p(r) = -r + 10. Let g be p(6). Let q(i) = i - 2. Let h be q(g). Suppose -33 = -3*o - 4*t, 4*o + 2*t - 24 = h*o. Is 15 a factor of o?
True
Suppose -x + 34 = 5*l, 3*x - 6*x + 12 = -3*l. Suppose -4*i = -3*w - x*i + 77, 31 = w + 3*i. Does 5 divide w?
False
Suppose -2*g + g = 57. Let v be g/(-6) + (-1)/(-2). Suppose -2*q - 2 = -c, 3*q - v + 1 = 0. Is 3 a factor of c?
False
Let h = 16 - 10. Let l(j) = j + 5. Does 11 divide l(h)?
True
Let m(p) = -p**2 - 6*p. Let h be m(-6). Suppose g + g - 4 = h. Is 3 a factor of (4 - g)*10/2?
False
Suppose 4*o = 4*t + 24, 2 = -0*o - 5*o - 3*t. Suppose -3*b - o*b = 0. Suppose 2*v = 6, 4*m + b*v = -5*v + 31. Does 4 divide m?
True
Let v = 10 - 7. Suppose -7 = -v*j - 1. Suppose -5*f = w - 43, j*w - 96 = -2*w - f. Does 11 divide w?
False
Let t(h) = -h**3 + 5*h**2 + 8*h + 2. Let p be t(6). Let f = p - -4. Let d = -4 + f. Is d a multiple of 10?
False
Suppose g = -17 + 50. Suppose -4*f = -f - g. Let b = f - -15. Is 13 a factor of b?
True
Let c(n) be the third derivative of -n**5/60 - 11*n**4/24 - 2*n**3 + n**2. Let u be c(-10). Is 9 a factor of 21 + (-3 - 6/u)?
False
Let n(r) = 3*r**2 + 0*r**2 + 3*r + r**2 + 3. Let f = -2 - 0. Is n(f) a multiple of 10?
False
Suppose 3*m - 255 = 3*j - 12, 2*j = 0. Suppose -4*b = -7*b + m. Let a = b + -10. Is 17 a factor of a?
True
Does 14 divide ((8/(-5))/(-2))/(12/1050)?
True
Let y = 299 - 126. Does 27 divide y?
False
Suppose -263 + 23 = -4*j. Is 4 a factor of j?
True
Suppose -2*u - 3*t - 3 = 0, 2*u - 4*t - 23 = 9. Let g(l) = -l**2 + 8*l + 3. Does 8 divide g(u)?
False
Let v = 1 - -10. Let o = -1 + v. Does 10 divide o?
True
Let i be (-24)/20*-5 + -3. Does 18 divide 17 + i*(-3)/(-9)?
True
Let u(g) = -10*g + 11. Does 7 divide u(-5)?
False
Let h(o) = o**3 + 10*o**2 + 11*o - 13. Let q be h(-9). Let x = q - -65. Does 10 divide x?
False
Does 7 divide 1/(-1 + 0 + 0) + 78?
True
Let k(o) = o**3 + 10*o**2 - 11*o + 7. Let z be k(-11). Is 23 a factor of 1/(((-28)/(-184))/z)?
True
Let f be 2/((-4)/154) - 2. Let s be f + 1 + (-1 - -1). Is -3*s/9 + 1 a multiple of 11?
False
Suppose 0 = 2*s - 2*p - 33 - 177, 5*s + p = 531. Is s a multiple of 20?
False
Let v be (-2)/13 - 15/(-13). Let z be (0/4)/(0 + v). Suppose -4*y + 0*y + 168 = z. Does 14 divide y?
True
Let d = 87 - 51. Is d a multiple of 4?
True
Let l be -1 + ((-2)/2 - -7). Let y = l - 2. Suppose 25 = 5*o - 5*j